hat is the highest common divisor of 36850 and 164725?
275
Calculate the highest common factor of 57066381 and 92.
23
What is the greatest common factor of 5571 and 91906025?
619
Calculate the greatest common factor of 35424 and 8802000.
432
What is the greatest common factor of 476307 and 3363?
177
What is the highest common factor of 49047350 and 4400?
550
What is the highest common divisor of 55885941 and 10548?
2637
What is the greatest common divisor of 35169 and 16017?
57
What is the greatest common divisor of 2644560 and 99?
9
Calculate the greatest common factor of 52193 and 1092272.
19
What is the highest common divisor of 286 and 108918667?
143
What is the greatest common factor of 154 and 3407866?
154
Calculate the highest common factor of 1064280 and 8945925.
2715
What is the highest common divisor of 22176 and 72303?
231
Calculate the highest common factor of 65659 and 2343.
11
What is the greatest common factor of 20 and 114111560?
20
What is the greatest common factor of 678816 and 1944?
72
Calculate the highest common divisor of 89151965 and 35.
35
What is the highest common factor of 828 and 11108?
4
What is the greatest common divisor of 336986 and 166499?
997
Calculate the greatest common factor of 1174513 and 49147.
1003
What is the greatest common factor of 2042651433 and 1182?
591
What is the highest common divisor of 22135599 and 13632?
213
Calculate the highest common factor of 1105767 and 3549.
507
Calculate the greatest common divisor of 238 and 5677700.
14
Calculate the highest common divisor of 1048 and 1293951452.
524
What is the greatest common divisor of 92325728 and 4576?
352
Calculate the greatest common divisor of 1681 and 10516500.
41
Calculate the highest common divisor of 1952671 and 85.
17
Calculate the greatest common factor of 96 and 516168816.
48
What is the greatest common divisor of 707718 and 12342?
66
Calculate the highest common factor of 538 and 334077556.
538
What is the highest common divisor of 2177 and 949483?
311
What is the greatest common divisor of 128880 and 1148285?
895
What is the highest common factor of 62240615 and 14015?
14015
What is the greatest common factor of 292 and 3502?
2
Calculate the greatest common divisor of 880562240 and 480.
160
What is the greatest common divisor of 3643780 and 238?
238
Calculate the highest common divisor of 1396047 and 24938.
37
What is the greatest common divisor of 2454764 and 468?
52
What is the highest common factor of 4860555 and 539?
49
What is the greatest common divisor of 4233 and 69649?
17
Calculate the highest common factor of 27324 and 315491.
253
Calculate the greatest common divisor of 3692 and 115691376.
284
What is the greatest common divisor of 1376 and 77311936?
1376
What is the greatest common divisor of 126423549 and 21?
21
Calculate the highest common divisor of 501705640 and 6935.
6935
Calculate the greatest common divisor of 1160300 and 152725.
1025
Calculate the highest common factor of 994133 and 161.
7
What is the highest common divisor of 379 and 28094133?
379
Calculate the greatest common factor of 6440167 and 1832.
229
What is the highest common factor of 19166 and 19880?
14
What is the greatest common factor of 4847572 and 129444?
92
Calculate the highest common divisor of 13031766 and 852.
426
What is the highest common divisor of 13918421 and 22?
11
Calculate the highest common factor of 16637 and 612394.
127
Calculate the greatest common factor of 19988706 and 48.
6
What is the highest common divisor of 53432530 and 1190?
170
What is the greatest common divisor of 826 and 67514762?
826
Calculate the greatest common divisor of 1772337 and 161.
7
What is the highest common factor of 3 and 470555157?
3
Calculate the greatest common divisor of 6273391 and 17.
17
Calculate the highest common divisor of 4499 and 90013.
11
What is the greatest common factor of 6771048 and 72?
24
What is the highest common divisor of 25 and 56456150?
25
Calculate the greatest common factor of 31812 and 100818012.
2892
Calculate the highest common factor of 185606200 and 440.
40
Calculate the greatest common factor of 9776 and 11689041.
611
What is the greatest common divisor of 2085 and 75847296?
417
Calculate the greatest common divisor of 8008 and 55036696.
1144
Calculate the greatest common factor of 133297417 and 33.
11
Calculate the greatest common factor of 43087 and 62172.
11
Calculate the greatest common divisor of 392 and 2865898.
14
What is the greatest common divisor of 1583532 and 828?
36
What is the greatest common divisor of 70660740 and 987?
141
Calculate the greatest common divisor of 29911758 and 822.
822
What is the greatest common divisor of 215614 and 10570?
14
What is the highest common divisor of 65 and 44499975?
65
What is the greatest common factor of 19 and 262124912?
19
Calculate the highest common divisor of 120 and 6655524.
12
Calculate the greatest common divisor of 64 and 12974752.
32
What is the highest common factor of 8195 and 74515?
5
What is the greatest common factor of 9860508 and 224?
28
What is the highest common divisor of 1123006 and 354?
118
What is the highest common factor of 296 and 11955958?
74
Calculate the highest common factor of 40117635 and 3818.
1909
Calculate the greatest common divisor of 470 and 1658852075.
235
What is the highest common factor of 3247 and 4267?
17
What is the highest common factor of 18184617 and 99?
99
What is the highest common divisor of 47310 and 3090090?
2490
Calculate the highest common divisor of 3354 and 132737302.
86
Calculate the highest common factor of 946 and 78395834.
22
What is the highest common factor of 413065979 and 866?
433
Calculate the highest common divisor of 249 and 6081.
3
Calculate the greatest common factor of 1350204 and 260628.
444
Calculate the highest common factor of 1336192 and 51480.
1144
Calculate the highest common divisor of 56862 and 1586.
26
What is the highest common factor of 11352 and 570432324?
5676
What is the greatest common factor of 6000 and 1581648?
48
Calculate the greatest common factor of 389631 and 2595.
3
What is the greatest common divisor of 1242673 and 996349?
1579
Calculate the greatest common factor of 29249928 and 7820.
1564
What is the greatest common factor of 705599 and 6712?
839
What is the highest common factor of 1512 and 1544571?
63
What is the highest common divisor of 464013 and 410091?
1419
Calculate the highest common divisor of 10192948 and 538.
538
What is the greatest common divisor of 10751677 and 183?
61
Calculate the greatest common factor of 505302 and 328923.
4767
What is the greatest common factor of 13692459 and 12?
3
What is the greatest common divisor of 231972 and 15756?
156
Calculate the highest common factor of 380870 and 210.
70
Calculate the highest common divisor of 27810 and 2928810.
30
Calculate the greatest common factor of 268300658 and 138.
46
What is the highest common factor of 8473703 and 50764?
259
What is the greatest common divisor of 1775 and 24075390?
355
Calculate the greatest common divisor of 9051 and 4508691.
1293
Calculate the highest common factor of 118314 and 252966.
42
Calculate the highest common divisor of 255 and 6822831.
51
What is the greatest common divisor of 261 and 4570661?
29
Calculate the highest common factor of 1145 and 6535.
5
What is the greatest common factor of 461833 and 463904?
2071
What is the greatest common divisor of 4490 and 29878705?
2245
What is the highest common factor of 2563885 and 404?
101
Calculate the highest common factor of 152 and 799912.
8
What is the highest common divisor of 663694 and 227650?
58
What is the highest common factor of 522 and 279154?
58
Calculate the highest common factor of 242998 and 12733.
119
Calculate the highest common divisor of 794898 and 13883539.
3397
Calculate the greatest common factor of 6307425 and 26775.
3825
Calculate the greatest common factor of 108936 and 159536.
8
What is the highest common divisor of 30465756 and 36?
36
What is the greatest common divisor of 63 and 4532211?
9
What is the greatest common factor of 4471911 and 984?
123
Calculate the highest common factor of 3120 and 481387920.
3120
Calculate the greatest common divisor of 42 and 540288336.
42
Calculate the greatest co